e the prime factors of p?
7
Suppose 4*a = 8 - 0. Suppose 0 = 5*l - 5*o - 0*o - 115, a*l - 58 = -o. List the prime factors of l.
3
Suppose 6*u = 5*u + 3, 3*y + 3*u - 7677 = 0. List the prime factors of y.
2, 3, 71
Suppose -7*b = -1927 - 747. Let p = -168 + b. What are the prime factors of p?
2, 107
Let y(j) = 7*j**2 + j**3 + 5*j**2 - 6 + 13 + 6*j. Let t be y(-10). Suppose 2*p - 4*b - 114 = 0, 0*p - 2*b = 3*p - t. What are the prime factors of p?
3, 17
Suppose 3*p = 2*p + 4*j - 1, -5*p - 5 = -3*j. Let x be (p + 1 + 1)*4. Suppose 0 = x*r + 2 - 82. What are the prime factors of r?
2, 5
Let r = 316 - -905. List the prime factors of r.
3, 11, 37
Suppose -4 + 18 = 5*w - 3*a, 4*a = -5*w + 28. Suppose -36 = -7*q + w*q. Let n(s) = s + 12. What are the prime factors of n(q)?
2, 3
Suppose -20*h + 3*h = -5746. What are the prime factors of h?
2, 13
Suppose 2*m - 4 = -28. Let i = -8 - m. What are the prime factors of i?
2
Suppose 24*z - 71211 = 19125. List the prime factors of z.
2, 941
Let a(p) = p + 4. Let h be a(-3). Let c = -11 + h. Let x(z) = z**2 + 7*z + 16. What are the prime factors of x(c)?
2, 23
Let q(h) = 25*h - 13. Suppose 4*f = r - 23, 6*f = 4*r + 4*f - 22. What are the prime factors of q(r)?
2, 31
Let g(h) = 2*h + 18. Let b be g(-4). List the prime factors of (3 + 98)/(5/b).
2, 101
What are the prime factors of (-1 + 3677)*1/10*5?
2, 919
Let q(p) = p**2 - 3*p - 5. Let r be q(-7). Let n = 125 - r. What are the prime factors of n?
2, 3, 5
Let v(m) = m**2 + 5*m - 2. Suppose 12 + 18 = -5*s. Let t be v(s). Suppose 0*o = t*o - 76. What are the prime factors of o?
19
Let s(d) = 2*d - 15. Let q be s(10). Let p be ((-78)/(-4))/((-3)/(-6)). Suppose -q*g + 61 + p = 0. List the prime factors of g.
2, 5
Let s be (-30)/(-7) + (-6)/21. Suppose 3*q + 8 = 4*g, g + 0*g + s*q = 2. Suppose 39 = g*d - 5. List the prime factors of d.
2, 11
Let m(u) = 4*u - 7. Let h be m(3). Suppose 0 = -h*i + y + 1176, 5*y + 700 = 3*i + 3*y. List the prime factors of i.
2, 59
Suppose 378 = 3*w - 4*v + 144, v = 2*w - 156. List the prime factors of (-12)/w - 4569/(-39).
3, 13
Suppose -6909 = -3*n + 4*i - 2435, -i - 2991 = -2*n. What are the prime factors of n?
2, 7, 107
What are the prime factors of ((-10714)/(-55))/(1/10)?
2, 487
Suppose -8*h = -37*h + 12528. List the prime factors of h.
2, 3
Let s(x) = -9*x - 36. What are the prime factors of s(-8)?
2, 3
Suppose -156 - 171 = -x. Suppose -4*g = -g - x. What are the prime factors of g?
109
Let t(y) = y**3 + 15*y**2 + 2*y + 18. Let b be t(-15). Let i = 25 - b. What are the prime factors of i?
37
Let n be (-3)/7 + (-3)/(-7). What are the prime factors of 16/4 + -1 + n?
3
Let t(c) be the first derivative of -c**3/3 + 7*c**2 + 17*c - 7. Let y(f) = f**2 - 14*f - 16. Let i(q) = -6*t(q) - 7*y(q). What are the prime factors of i(14)?
2, 5
Let g(j) be the third derivative of -j**5/60 - 3*j**4/8 + 5*j**3/6 + 3*j**2. Suppose -4*l = o + 13 + 10, -2*l + o = 19. What are the prime factors of g(l)?
19
Let p = 7 - 20. Let c = p + 11. What are the prime factors of (4/6)/(c/(-84))?
2, 7
Suppose 3 = 4*k - 5. Suppose 3*v - 11 = -k. Suppose c - 57 = -3*s, s = v*c - 6*c + 11. What are the prime factors of s?
2, 5
Suppose -4*l - 4*x = -4, 3*l + 4*x - 13 = 2*l. List the prime factors of (42/28)/(l/(-136)).
2, 17
Suppose -o = -2*z - 795, -2*o = -36*z + 38*z - 1602. List the prime factors of o.
17, 47
Let v(a) = 2*a**2 - 2*a + 369. Let w be v(0). Let c(i) = 2*i**2 - i + 2. Let f be c(-2). List the prime factors of w/f - (-3)/(-4).
2, 3, 5
Let x(k) = -k**3 + 11*k**2 + 22*k - 18. List the prime factors of x(-8).
2, 7, 73
Suppose 10625 = 10*i - 5325. List the prime factors of i.
5, 11, 29
Suppose -17281 + 5185 = -12*k. Suppose k = 18*u - 12*u. List the prime factors of u.
2, 3, 7
List the prime factors of 36/(-81) + 10613*(-12)/(-54).
2, 3, 131
Let l(a) = -a**2 - 41*a - 129. List the prime factors of l(-31).
181
Let a(y) = -y**3 - 8*y**2 - 15*y - 19. List the prime factors of a(-14).
1367
Suppose 3*f = 7*z - 6*z + 5737, -f + 1907 = 5*z. What are the prime factors of f?
2, 239
Suppose 0 = 4*y + y + 5. Let d be 0 + 6 + (y - 0). Suppose 5*m - 116 = -2*z, d*z = m + 2*m + 228. What are the prime factors of z?
2, 3
Let v(r) = -3*r - 15 + 11 + 4*r. Let g = 10 - -4. What are the prime factors of v(g)?
2, 5
Suppose 4*i + 10 - 6 = 0, -3*v + 3*i = -1374. List the prime factors of v.
457
Suppose -u - 9*u + 430 = 0. Suppose -9*o + 128 = -u. What are the prime factors of o?
19
Suppose -4*p + 422 = p + 3*u, 2*u + 320 = 4*p. Suppose -q + p = -0*q. What are the prime factors of q?
2, 41
Suppose -3*i + 7*i + 5*j = -3, 0 = -4*j + 4. List the prime factors of 1610/14 + (-2)/i + 2.
2, 59
Let u = 2801 - 536. Suppose u = 21*c - 6*c. List the prime factors of c.
151
What are the prime factors of (1 - 2)*(6 + -276)?
2, 3, 5
Let a(t) = -39*t**2 - 2*t - 3. Let j be a(-1). Let q = j - -47. What are the prime factors of q?
7
Suppose 0 = -6*z - 1534 + 130. Let k = z + 334. List the prime factors of k.
2, 5
Let f(p) = 8*p + 0*p + 15*p + 22. What are the prime factors of f(9)?
229
Let a(j) = -29 + 98*j - 82*j + 9. What are the prime factors of a(11)?
2, 3, 13
Let q(h) = -2*h**3 + 64*h**2 + 25*h - 87. What are the prime factors of q(29)?
2, 7, 29
Suppose x + 2*x - 1407 = -2*r, -3*r + 2113 = 4*x. Suppose r = 13*v - 4*v. What are the prime factors of v?
79
Let k be 0 + (-12)/(-3) + -1. Let q(m) = k - m + 1 + 4*m + m. List the prime factors of q(5).
2, 3
Let g = 72 - 50. Suppose g = 2*w + 2*v, -5*w + 12 + 43 = 3*v. What are the prime factors of (1 - -1 - w)*-2?
2, 3
Suppose -3*d + 1251 - 234 = 3*j, 5*d - 675 = -2*j. Suppose -5*v - j = -5*c, -2*v = -0*c - c + 67. What are the prime factors of c?
3, 23
Let x(t) = t**3 + 2*t**2 - 9*t - 1. Let l be x(3). Suppose -12*c + l*c - 20 = 0. What are the prime factors of c?
2
Let t(f) = 4*f**2 - 2*f - 1. Let h be t(-1). Let z = h + 141. What are the prime factors of z?
2, 73
Suppose 2*d + 3*d + 803 = g, -6 = -2*d. Suppose 12*q = g + 754. What are the prime factors of q?
131
List the prime factors of ((-44)/6)/((-200)/25500).
5, 11, 17
Let l = 12 - 11. Let o(h) = -l + h**2 + 2*h - 1 + 2 - 7. List the prime factors of o(5).
2, 7
What are the prime factors of ((-15)/10)/(3/(-898))?
449
List the prime factors of 10491/(5/(-2)*192/(-160)).
13, 269
Suppose 14*t - 7*t - 5782 = 0. List the prime factors of t.
2, 7, 59
List the prime factors of (12/(-5))/(39/(-3250)).
2, 5
Let q(c) = c + 16. Let z be q(-13). Suppose 2*b = 3*r - 7 - 25, 3*r = z*b + 30. What are the prime factors of r?
2, 3
Let b(h) = 3*h**2 + h. Let z be b(-1). Suppose 0 = -n - 10 - z. Let m = n - -50. What are the prime factors of m?
2, 19
Suppose -5*s + 26 = -3*b, 0*s - 6 = -3*s - 3*b. Suppose s*n - o = 128 + 96, -4*o = 5*n - 259. What are the prime factors of n?
5, 11
Suppose 0 = -3*z - 2*o - 121, -4*o - 119 = 4*z - z. Let k = z + 45. List the prime factors of k.
2
Let y = -1350 - -1928. List the prime factors of y.
2, 17
Let v = 71 + -100. Let i = -44 - v. List the prime factors of 2324/105 - (-2)/i.
2, 11
Suppose -2*z + z = 3*z. Suppose -2*u + 0*u + h + 119 = 0, z = -3*u + 3*h + 174. List the prime factors of u.
61
Suppose -2*h - 5*y + 4*y + 916 = 0, 5*h + 4*y - 2284 = 0. What are the prime factors of h?
2, 5, 23
Let x(g) = -g**3 + 9*g**2 + 8*g - 3. Let h = 32 - 26. What are the prime factors of x(h)?
3, 17
Let s be (-18)/24 - (-686)/8. Let z = s + -51. List the prime factors of z.
2, 17
Let d(y) = 29*y + 4. Let i be d(4). Let n = i - 62. List the prime factors of n.
2, 29
Suppose -j + 3 = -1. Suppose 0 = -j*l - 3*l + 14. What are the prime factors of 20 - (l - -1) - 3?
2, 7
Let u(s) = s**2 - 3*s - 12. Let p be u(6). Suppose 0 = -w - m, -5*m = 26 - p. What are the prime factors of w?
2
Suppose 4*n = -18 - 18. Let x = n - 9. Let c = 7 - x. What are the prime factors of c?
5
Let x = -70 + 127. Suppose -s + 43 + x = 0. List the prime factors of s.
2, 5
Let j(x) = 5*x**2 - 4*x + 6. List the prime factors of j(11).
3, 7
Let y = 16 + -14. Suppose -y*o = 8, o - 4*o + 68 = -4*m. List the prime factors of (-928)/m + 10/(-25).
2, 23
Let a(n) be the third derivative of n**5/60 + 13*n**4/24 - 5*n**3/6 - n**2. Suppose 6 = -3*p, -c + 5*p - 6 + 2 = 0. List the prime factors of a(c).
3
Let v(u) be the third 